= i - 15. Suppose 4*p + 5 = -x*m + 3*m, 4*m - 3*p - 33 = 0. What is the remainder when 16 is divided by m?
7
Suppose 514 = 6*q + 14*q - 26. What is the remainder when 1581 is divided by q?
15
Calculate the remainder when 1812 is divided by ((-8)/(-2))/(2/11 + (-256)/3344).
26
Let x(t) = -t**2 + 22. Let g = -54 - -57. What is the remainder when 17 is divided by x(g)?
4
Let m(s) = -s**2 - 8*s + 4. Let g be m(-5). Suppose 0 = 4*y + 39 - 7. Let i = y + g. Calculate the remainder when 20 is divided by i.
9
Let v = -157 - -160. Suppose -v*a + 3*k = -54, 7*a - 2*k = 4*a + 49. Calculate the remainder when 126 is divided by a.
9
Let k(x) be the second derivative of -3*x**3/2 - 3*x**2 - 2*x. Let s = -155 + 150. Calculate the remainder when k(s) is divided by 20.
19
Let a(w) = 2*w**3 + 5*w + 26. Calculate the remainder when 2254 is divided by a(7).
13
Let t = -28 + 46. Let y(d) = -3*d**2 + 10*d - 8. Let f be y(3). Calculate the remainder when t is divided by (3/(-5))/(-3) + (-54)/f.
7
Suppose 7*r - 19 = -33. Calculate the remainder when 558 is divided by 5 + (r - 3) - -13.
12
Suppose 2*m - 76 = -2*m. Let a(q) = 15180*q + 75928. Calculate the remainder when a(-5) is divided by m.
9
Suppose 162*z = 4*t + 160*z - 146, 111 = 3*t - z. What is the remainder when 213 is divided by t?
23
Let i(k) = -322*k**2 + 6448*k - 63. Suppose 0 = -3*v - v + 100. What is the remainder when i(20) is divided by v?
22
Suppose -w - 2*t = -3, -2*t + 15 = -w + 6*w. Let a = w - -14. Let m(l) = 2*l**2 + 6*l - 73. Calculate the remainder when m(7) is divided by a.
16
Suppose 2*k + 2*f - 14852 = 0, 3*k - 100*f - 22254 = -97*f. What is the remainder when k is divided by 99?
96
Let v(x) = x**2 + 5*x - 25. Suppose -6*m - 66 = -6. Suppose -52 + 9 = -a + 5*r, 145 = 3*a + r. What is the remainder when a is divided by v(m)?
23
Let w(d) = d**3 - 4*d**2 + 2*d + 7. Let p be w(3). Suppose -673 = -p*j - 273. Calculate the remainder when j is divided by 34.
32
Suppose 5*k + 5*g = 0, -g = g. Let m(w) = -9*w + 12*w**2 + 2*w**2 + 7*w + k*w. Calculate the remainder when m(1) is divided by 3.
0
Let v(n) = n + 12. Let j be v(-4). Let m = -22 - j. Let d = m + 100. Calculate the remainder when d is divided by 12.
10
Let j(b) = -b**3 - 14*b**2 - 97*b + 163. Calculate the remainder when j(-11) is divided by 27.
3
Let t be 14/6 + 6/(-18). Suppose 4*g - 4*o - 16 + 0 = 0, 2*g + o - t = 0. Let w(h) = 20*h + 6. Calculate the remainder when w(g) is divided by 17.
12
Suppose 4*o = 194 - 26. Suppose -6*q - o = 36. Let v = q - -43. Calculate the remainder when v is divided by 17.
13
Let n = 46 - 2. What is the remainder when 1749 is divided by n?
33
Let k(b) = b**2 - 12*b + 37. Let h be k(8). Suppose -l = -1, 0 = -h*f - 0*l + l + 439. What is the remainder when f is divided by 7?
4
Suppose -o - 32 = -3*o. Calculate the remainder when 189/14*140/105 is divided by o.
2
Let j(w) = -w**3 + 34*w**2 + 618*w + 73. What is the remainder when j(47) is divided by 19?
3
Suppose -4*j + 5*h = j + 70, 30 = -5*j - 5*h. Let a(v) = 2*v**2 + 14*v - 12. Calculate the remainder when 140 is divided by a(j).
44
Let y be -2 + (-604)/(-36) - 2/(-9). Let r be (-3 - -3*(4 - 3))/(-2). Suppose -c - 2*m = -y, -c + r*m + 43 = -5*m. What is the remainder when c is divided by 8?
7
Suppose 59*b - 603 - 931 - 1357 = 0. Calculate the remainder when 1215 is divided by b.
39
Let y(x) = -52*x - 6. Suppose -9*n = 85 - 229. Calculate the remainder when y(-2) is divided by n.
2
Suppose -162176 = -1115*w + 1083*w. Calculate the remainder when w is divided by 422.
4
Let p be -18*((-16)/12 + 1). Suppose 0 = -m + p*m - 130. Suppose -m = -3*h + 13. What is the remainder when 23 is divided by h?
10
What is the remainder when 6015 is divided by (-2 + (7 - -1))/((-4)/2) - -265?
251
Suppose m - 47*r = -46*r + 40, 4*m + 3*r = 188. What is the remainder when m is divided by 19?
6
Let z(m) = m**3 + 8*m**2 - 49*m - 294. Calculate the remainder when 287 is divided by z(-8).
91
Suppose -q + 330 = 3*x, -51*q + 342 = -50*q + x. Calculate the remainder when 2443 is divided by q.
7
Suppose 5*a + 10*t - 15*t = 12220, 4*a + 5*t - 9812 = 0. Calculate the remainder when a is divided by 98.
96
Calculate the remainder when -18 + -1 + 17 + 2301 is divided by 64.
59
Let w = -251 - -316. Let v = 136 - 109. Calculate the remainder when w is divided by v.
11
Suppose -105 = 6*s - 117. Suppose 0 = 8*i + s*i - 3080. What is the remainder when i is divided by 63?
56
Let k(c) = 2*c**2 + 4*c + 7. Let x = 2 + 3. Suppose 0 = -x*a - 3*w - 27, 2*a + 25 = -a - 4*w. What is the remainder when 51 is divided by k(a)?
12
Let b be (-3 - 1/((-4)/12))/(-1). Suppose -k + 11 - 46 = -y, -2*y + 5*k + 76 = 0. What is the remainder when 2 + (b - 2) + y is divided by 9?
6
Let s(t) = 4*t**2 - 14*t + 23. Let d be s(2). Suppose -d*f = -93 + 5. Calculate the remainder when 11 is divided by f.
3
Calculate the remainder when -13 + (10/(-6))/(22/(-7392)) is divided by 340.
207
Let c(t) = -40*t - 2121. What is the remainder when c(-76) is divided by 35?
9
Let b(v) = v**3 - 4*v**2 + 2*v + 4. Let z(c) = c**3 + 3*c**2 - 9*c + 12. What is the remainder when b(5) is divided by z(-5)?
4
Let n be 1/7 - (-4 - 100/(-14)). Suppose -z = -2 - 2. What is the remainder when ((-153)/(-34))/((-1)/(-2)) + n is divided by z?
2
Let f(q) = 2*q + 2. Let r be f(0). Let h(x) = 8*x**r - 10*x**3 + 11 + 7*x + 3*x + 2*x**3 + 7*x**3. Calculate the remainder when 76 is divided by h(9).
16
Let w = 369 + -329. Suppose -1652 = 12*k - w*k. Calculate the remainder when k is divided by 15.
14
Calculate the remainder when (-1)/(14/21)*8572/(-6) is divided by 143.
141
Let l(h) = 10*h + 11. Suppose 5*j = 2*u + 192, 0 = 8*j - 6*j + 7*u - 108. What is the remainder when l(8) is divided by j?
11
What is the remainder when (-1509)/(-3) + -19 + 28 is divided by 43?
39
Suppose -2*n + 0*n = -10, x + 274 = -4*n. Let k = -275 - x. Calculate the remainder when 63 is divided by k.
6
What is the remainder when 596 is divided by 7 + 0 + ((-6)/18 + 0)*-492?
83
Let h(z) = z**3 - 46*z - 71. Suppose 3*f - 2*j = j + 33, 0 = -3*f - 4*j + 12. What is the remainder when h(-3) is divided by f?
0
Let f = 5951 + -5822. Calculate the remainder when 472 is divided by f.
85
Let u(m) = 3*m**2 - 111*m + 35. What is the remainder when u(-33) is divided by 134?
131
Let m = 486 - 473. Let w(p) = 2*p**2 - 8*p + 10. Let s(y) = -2*y**2 + 7*y - 10. Let f(o) = 2*s(o) + 3*w(o). Calculate the remainder when f(7) is divided by m.
12
Let h = 11 + -7. Suppose 155 = 5*l - 220. Suppose 3*q - 2*f = 23, -5*q - 2*f + l = 2*f. Calculate the remainder when q is divided by h.
3
Let p(f) = -73 + 19 - 2*f + 7*f - 23. Calculate the remainder when p(24) is divided by 14.
1
Suppose 0 = -3*p - 4*j + 727, 0 = 5*p - 33*j + 31*j - 1177. Calculate the remainder when p is divided by 4.
1
Suppose -8*b + 7*b + 3 = 0. Suppose -b*l - 5*i = 0, -3*l + 2*i = 5*i - 6. Let x(r) = -2*r + 6. Calculate the remainder when x(-6) is divided by l.
3
Suppose 2462*b - 2444*b = 12942. What is the remainder when b is divided by 80?
79
Suppose -4*i - p = -7677, 5*i = 2*p - 4051 + 13631. Calculate the remainder when i is divided by 96.
94
Let s(k) = -2*k**2 + 20*k - 24. Suppose -252 = -28*o - 14*o. What is the remainder when s(o) is divided by 13?
11
Suppose -1167*q + 2156 = -1160*q. What is the remainder when q is divided by 94?
26
What is the remainder when (40/20 - (4 - 0)) + 544 is divided by 55?
47
Suppose -2*g = -3*b + 1637, 394 + 157 = b - 2*g. Let w(v) = -4*v**3 - 4*v**2 - 4*v - 3. Calculate the remainder when b is divided by w(-2).
18
Suppose 3*t - 7*t = -164. Suppose -244 - t = -5*h. What is the remainder when h is divided by 15?
12
Suppose -3*g = -5*d - 26, 13*g + 3*d = 18*g - 22. Suppose 25*y - 24*y = n + 14, 4*y + g*n - 56 = 0. What is the remainder when 35 is divided by y?
7
Let v = 265 + -240. Let q = 737 + -245. Let h = q - 293. Calculate the remainder when h is divided by v.
24
What is the remainder when 9 - 25605/(-60) - (-27)/12 is divided by 51?
30
Let p = 1895 + -1693. Calculate the remainder when p is divided by 34.
32
Suppose 17 = 4*t + 2*g + 3*g, -5*t + 5*g = -55. Let x(j) = -j**2 + 7*j + 12. Let o be x(5). Suppose 2 = t*p - o. Calculate the remainder when p is divided by 1.
0
Let i(n) = n**2 + 11*n - 157. L